is d(23)?
22
Let o(u) = -3*u**3 - 837*u**2 - 1668*u - 1685. What is o(-277)?
-23
Let d(t) = 7837*t - 345283. Calculate d(44).
-455
Let n(b) = -17*b**3 - 37*b + 57. Give n(2).
-153
Let q(j) = -78*j - 2639. Give q(-49).
1183
Let j(t) = t**2 + 308*t + 8872. Calculate j(-30).
532
Let r(b) = 3*b**3 - 98*b**2 + 459*b + 44. What is r(5)?
264
Let r(v) = -v**3 + 7*v**2 + 200*v - 1761. What is r(10)?
-61
Let x(u) = -u**3 - 63*u**2 + 955*u + 4130. What is x(-75)?
5
Let q(r) = 172*r**2 - 235*r - 223. What is q(2)?
-5
Let m(b) = b**2 + 293*b + 27. Calculate m(-1).
-265
Let h(t) = 105210*t + 315555. Calculate h(-3).
-75
Let a(d) = -2*d**2 + 67*d - 332. Calculate a(25).
93
Let s(q) = 2*q**3 + 263*q**2 - 9507*q - 1308. Give s(-161).
-20
Let w(a) = -12*a**2 + 1024*a - 293. Calculate w(85).
47
Let n(l) = -3*l**2 + 455*l - 5207. Give n(147).
-3149
Let c(v) = 1726583*v - 5179734. Give c(3).
15
Let r(o) = o**2 + 1996*o + 112367. What is r(-58)?
-37
Let m(q) = -5087671*q + 157717806. Calculate m(31).
5
Let u(n) = n**2 - 80*n + 1304. What is u(56)?
-40
Let n(k) = 2*k**3 - 30*k**2 + 119*k - 554. Calculate n(12).
10
Let p(f) = -425590*f - 10639746. What is p(-25)?
4
Let x(p) = p**2 + 1934*p + 15443. Give x(-8).
35
Let l(f) = -30*f - 1149. Give l(-11).
-819
Let c(l) = 6*l**2 + 144*l + 796. Give c(-7).
82
Let z(y) = -y**3 + 9*y**2 + 89*y - 463. Determine z(5).
82
Let s(t) = -777*t - 2907. What is s(-4)?
201
Let v(s) = 36*s**2 - 653*s - 3250. What is v(-5)?
915
Let y(v) = v**3 - 79*v**2 + 59*v - 5211. Determine y(79).
-550
Let s(j) = -j**3 - 55*j**2 + 93*j - 253. Determine s(-57).
944
Let w(m) = 315084*m - 945319. Determine w(3).
-67
Let t(x) = x**3 - 64*x**2 + 370*x - 995. Calculate t(58).
281
Let y(x) = -183*x**2 - 1361*x - 2512. Give y(-4).
4
Let y(h) = -2*h**2 - 7937*h + 2153996. What is y(255)?
11
Let f(g) = -g**2 + 399*g + 1838461. Give f(-1171).
-9
Let a(i) = 2*i**2 + 139*i + 1144. Give a(-60).
4
Let l(b) = -3*b**3 + 138*b**2 + 59*b + 257. What is l(46)?
2971
Let f(t) = -303*t - 3931. What is f(-13)?
8
Let x(q) = -3*q**2 - 1140*q - 7859. Determine x(-7).
-26
Let x(r) = r**3 - 316*r**2 + 22932*r + 801. What is x(113)?
10
Let w(j) = 5*j**2 - 302*j - 3121. Determine w(76).
2807
Let p(h) = -1174088*h - 3522262. Determine p(-3).
2
Let c(p) = 5275*p - 1204. Calculate c(0).
-1204
Let z(o) = -6*o**2 + 3234*o - 12771. Calculate z(535).
69
Let m(j) = -148*j - 13175. Determine m(-83).
-891
Let m(s) = -s**2 + 3980*s - 87065. Determine m(22).
11
Let d(g) = 12587*g - 12418. Give d(1).
169
Let j(w) = -26*w**3 + 114*w**2 + 1355*w - 5582. Give j(4).
-2
Let p(k) = 2*k**3 - 177*k**2 + 281*k - 2207. Give p(87).
-467
Let j(c) = -93745*c - 1499920. Determine j(-16).
0
Let w(l) = -15*l + 466. Determine w(29).
31
Let r(j) = 3*j**3 - 35*j**2 - 39*j + 121. Give r(12).
-203
Let x(v) = -3*v**3 + 18*v**2 + 432*v - 2563. What is x(12)?
29
Let a(s) = 7*s**2 - 15776*s + 482331. Give a(31).
2
Let s(c) = 231*c**2 + 13719*c + 5336. Determine s(-59).
26
Let h(a) = 367006*a - 251. What is h(0)?
-251
Let f(g) = -1470*g + 3027. Calculate f(2).
87
Let g(k) = -k**3 - 44*k**2 + 419*k - 6508. Determine g(-54).
26
Let b(s) = -54*s**2 - 18023*s + 5011. What is b(-334)?
669
Let j(l) = -46*l**2 - 821*l + 143. What is j(-18)?
17
Let h(v) = 951*v + 5287. Give h(-6).
-419
Let a(o) = -154*o + 14534. Calculate a(111).
-2560
Let z(n) = -4*n**3 + 141*n**2 - 111*n - 7510. Determine z(9).
-4
Let k(q) = q**3 - 23*q**2 + 1647*q - 7777. Calculate k(5).
8
Let c(h) = -4*h**2 + 1296*h - 12529. Give c(314).
31
Let x(l) = l**2 - 71*l - 61033. What is x(-214)?
-43
Let c(f) = -487*f**2 - 92526*f + 761. Determine c(-190).
1
Let w(x) = -13497*x + 2955878. Determine w(219).
35
Let m(f) = 20*f**2 + 2061*f - 30158. Determine m(13).
15
Let k(t) = -t**3 + 67*t**2 + 1952*t - 135324. What is k(65)?
6
Let v(d) = -3*d**3 - 27*d**2 + 1202*d + 7527. What is v(-6)?
-9
Let t(c) = -4*c**2 - 362*c + 5904. Calculate t(14).
52
Let d(i) = 54*i**2 - 9869*i - 42814. Determine d(187).
9
Let a(t) = -9*t**2 - 2716*t - 40629. Give a(-286).
-17
Let o(u) = -1618*u + 14658. Give o(9).
96
Let i(w) = 72*w + 2915. Determine i(-50).
-685
Let f(g) = -g**3 + 8*g**2 + 31*g - 42. Calculate f(-5).
128
Let r(c) = -179*c**2 + 71*c - 58. What is r(1)?
-166
Let w(r) = -2*r**3 - 37*r**2 + 3877*r + 70138. Give w(-18).
28
Let m(o) = 40673*o + 46123185. What is m(-1134)?
3
Let j(g) = -21*g**2 - 135*g + 277. Determine j(-8).
13
Let a(c) = 6*c**3 - 171*c**2 - 65*c - 614. Calculate a(29).
24
Let w(v) = -10967*v + 110066. Calculate w(10).
396
Let w(z) = 12*z**2 - 207*z + 483. Calculate w(2).
117
Let i(g) = -g**3 + 169*g**2 - 2177*g + 867. What is i(155)?
-218
Let s(g) = -g**2 - 2564*g + 17856. What is s(7)?
-141
Let j(n) = 1681*n - 38662. Give j(23).
1
Let y(u) = u**3 - 10123*u**2 - 202855*u + 104. Determine y(-20).
4
Let x(n) = -2*n**3 + 126*n**2 + 174*n - 10703. Calculate x(63).
259
Let j(p) = -14159*p + 509940. Determine j(36).
216
Let a(g) = g**3 - g**2 - 436151*g - 872301. Give a(-2).
-11
Let w(b) = 770*b - 3079. Determine w(4).
1
Let t(n) = -14*n**2 + 306*n - 2533. Give t(10).
-873
Let c(r) = -13*r**2 - 1667*r + 2983. Determine c(-130).
-7
Let t(u) = -49*u**2 - 324*u - 1265. Give t(-4).
-753
Let d(k) = 754*k - 11318. What is d(15)?
-8
Let j(c) = 3164*c + 41714. Calculate j(-12).
3746
Let t(w) = -1804966*w - 12634759. What is t(-7)?
3
Let y(d) = 90*d**2 + 2877*d + 5. Determine y(-32).
101
Let o(n) = 34*n - 112. Give o(1).
-78
Let i(u) = -370*u + 41831. Calculate i(113).
21
Let q(z) = 3*z**2 + 29*z + 174. Give q(-13).
304
Let y(l) = -150*l - 20539. What is y(-150)?
1961
Let f(b) = b**3 + 55*b**2 - 71*b + 2760. What is f(-57)?
309
Let s(w) = -18*w**2 + 30251*w - 120743. What is s(4)?
-27
Let n(u) = 1095*u + 59479. Give n(-54).
349
Let n(z) = 3345*z + 40138. Calculate n(-12).
-2
Let s(l) = 13608*l + 2585578. Calculate s(-190).
58
Let m(z) = -2647*z + 142943. Calculate m(54).
5
Let h(j) = -221*j - 484. What is h(-2)?
-42
Let c(t) = 276*t - 50859. Give c(184).
-75
Let k(q) = -2*q**3 - 841*q**2 - 78959*q - 647. Give k(-279).
-89
Let j(r) = -6477*r**2 - 116589*r - 49. Calculate j(-18).
5
Let u(n) = -n**2 - 41*n - 972. What is u(-21)?
-552
Let y(c) = 9176*c - 9148. What is y(1)?
28
Let q(b) = -b**3 + 32*b**2 - 772*b - 6006. Give q(-6).
-6
Let o(f) = 4664*f - 18641. Give o(4).
15
Let c(w) = -8*w - 4260. What is c(-534)?
12
Let q(i) = i**3 + 72*i**2 - 163*i + 1000. What is q(-74)?
2110
Let m(p) = -30*p**2 + 893*p + 3. What is m(0)?
3
Let h(k) = -k**3 - 234*k**2 + 1702*k + 3611. Give h(-241).
-4
Let m(d) = -2*d**3 + 2*d**2 + 207*d + 1169. Determine m(-6).
431
Let n(d) = -8041*d + 56283. Calculate n(7).
-4
Let f(q) = -295*q**2 - 16777*q + 7. Determine f(-57).
-2159
Let n(c) = 5*c**2 + 165*c - 3217. Calculate n(19).
1723
Let k(z) = 2505*z + 2139254. What is k(-854)?
-16
Let k(o) = -38*o**2 + 1143*o + 13365. Give k(-9).
0
Let a(k) = 210*k + 8444. Calculate a(-46).
-1216
Let p(h) = -161*h**2 - 9561*h - 113427. Calculate p(-43).
7
Let b(u) = -3187*u + 764869. Give b(240).
-11
Let g(f) = 1189*f - 55886. What is g(47)?
-3
Let w(c) = -10833*c + 33977. Give w(3).
1478
Let i(n) = -9358*n - 9555. Calculate i(-1).
-197
Let q(g) = g**3 + 182*g**2 - 409*g - 7542. What is q(-184)?
2
Let b(u) = -3678*u - 7025. Calculate b(-2).
331
Let p(d) = -d**3 + 123*d**2 - 602*d + 74041. Calculate p(123).
-5
Let u(c) = 903*c - 128238. Determine u(142).
-12
Let j(d) = 162*d**2 + 3821*d + 2204. Calculate j(-23).
19
Let k(m) = -m**3 - 3269*m + 19830. Determine k(6).
0
Let x(s) = -348*s + 62400. What is x(179)?
108
Let i(d) = 5576*d + 234145. Determine i(-42).
-47
Let n(b) = -b**3 - 229*b**2 - 1134*b - 33. Determine n(-5).
37
Let o(i) = 84227*i + 252774. Determine o(-3).
93
Let c(r) = -r**3 - 971*r**2 - 95460*r - 18. Calculate c(-111).
-18
Let u(t) = -111*t**2 - 116*t - 559. Calculate u(-5).
-2754
Let z(h) = -184174*h - 6077741. Calculate z(-33).
1
Let j(a) = -12*a**2 - 297*a - 1343. Determine j(-6).
7
Let j(r) = 10086*r + 15552611. What is j(-1542)?
-1
Let g(j) = 31170*j + 467526. Determine g(-15).
-24
Let r(y) = -61*y**2 + 85*y + 12. What is r(-6)?
-2694
Let n(b) = b**3 - 12*b**2 - 122*b + 1503. What is n(13)?
86
Let k(m) = -3*m**3 + 158*m**2 - 108*m + 152. What is k(52)?
-56
Let l(g) = -10*g**2 + 258*g - 412